{"id":3766,"date":"2022-08-31T23:55:45","date_gmt":"2022-08-31T21:55:45","guid":{"rendered":"https:\/\/scenesennord.com\/dp78842-ovh\/?page_id=3766"},"modified":"2025-05-13T19:16:14","modified_gmt":"2025-05-13T17:16:14","slug":"notre-activite","status":"publish","type":"page","link":"https:\/\/scenesennord.com\/dp78842-ovh\/index.php\/notre-activite\/","title":{"rendered":"Nos Valeurs"},"content":{"rendered":"\n<div style=\"height:37px\" aria-hidden=\"true\" class=\"wp-block-spacer\"><\/div>\n\n\n\n<p class=\"has-text-align-center has-medium-font-size\"><strong><em>Nos valeurs&nbsp;: philosophie et action de l\u2019association Cultures Nouvelles<\/em><\/strong><\/p>\n\n\n\n<div style=\"height:37px\" aria-hidden=\"true\" class=\"wp-block-spacer\"><\/div>\n\n\n\n<div class=\"custom-css-block\"><style>.aagb_accordion_86c44ca5_0 { \n.aagb__accordion_body .aagb__accordion_component {\n    margin-left: 60px;\n}\n.aagb__accordion_body{\n  padding-top:5px !important;\n}\n.wp-block-aab-accordion-item .aagb__accordion_head .aagb__accordion_icon {\n      width: 40px;\n      height: 40px;\n} }<\/style><\/div><style>\n        .aagb_accordion_86c44ca5_0 .aagb__accordion_active .aagb__accordion_body {\n          border-top: 0px none undefined;\n        }\n      \n          .aagb_accordion_86c44ca5_0 .aagb__accordion_container {\n            transition-duration: 0ms !important;\n            outline: 2px solid #00000000;\n          }\n          .aagb_accordion_86c44ca5_0 .aagb__accordion_container:focus-visible {\n            outline: 2px solid #C2DBFE;\n          }\n        <\/style><div class=\"wp-block-aab-group-accordion searchable aagb_accordion_86c44ca5_0 click false\" id=\"group-accordion-86c44ca5_0\">\n<div class=\"wp-block-aab-accordion-item aagb__accordion_container panel  aagb__accordion_active\" tabindex=\"0\" style=\"border-top:none;border-right:none;border-bottom:none;border-left:none;border-radius:10px;margin-top:0px;margin-bottom:15px\"><div class=\"aagb__accordion_head aagb_left_icon  aagb__accordion_active\" data-active=\"true\" style=\"background-color:#ffffff00;padding:25px 25px 25px 25px;border-top:none;border-right:none;border-bottom:none;border-left:none\"><div class=\"aagb__accordion_heading aagb_left_icon aagb_right_link\"><div class=\"head_content_wrapper\"><div class=\"title_wrapper\"><h4 class=\"aagb__accordion_title\" style=\"margin:0;color:#202442\">1- Libert\u00e9 et \u00e9panouissement<\/h4><\/div><p class=\"aagb__accordion_subheading\" placeholder=\"\" style=\"margin:5px 0 0 0\"><\/p><\/div><\/div><div class=\"aagb__accordion_icon\" style=\"background-color:#ffffff\"><div class=\"aagb__icon_dashicons_box\"><span class=\"aagb__icon dashicons dashicons-minus\"><\/span><\/div><\/div><\/div><div class=\"aagb__accordion_body aagb__accordion_body--show  \" role=\"region\" style=\"border-top:0px none undefined;border-right:none;border-bottom:none;border-left:none;padding:25px 25px 25px 25px\"><div class=\"aagb__accordion_component \">\n<div style=\"height:25px\" aria-hidden=\"true\" class=\"wp-block-spacer\"><\/div>\n\n\n\n<p class=\"has-text-align-justify has-medium-font-size has-text-align-justify\">L\u2019engagement de Cultures Nouvelles s\u2019inscrit dans la d\u00e9fense des libert\u00e9s fondamentales. <br>Cette libert\u00e9 est le fondement d\u2019une soci\u00e9t\u00e9 tol\u00e9rante .<br>Nos actions <strong>sont tourn\u00e9es vers l\u2019\u00e9veil de tous, notamment des plus jeunes<\/strong> (qui s\u2019exprime en particulier dans la gratuit\u00e9 totale \u00e0 nos activit\u00e9s et nos spectacles pour les moins de 18 ans).<br><br>Cet engagement s\u2019inscrit dans une vision large de la culture.<br><br><strong>Chaque culture est le socle premier qui permet le langage comme l\u2019\u00e9panouissement personnel et<br>collectif.<\/strong><br><br>M\u00eame si certaines personnes sont tiraill\u00e9es entre l\u2019envie de partager et la peur de l\u2019\u00e9volution du monde, il est important de d\u00e9fendre les acquis de notre culture, et il l&rsquo;est tout autant d&rsquo;aller \u00e0 la d\u00e9couverte de l\u2019autre, quelle que soit la distance qui nous en s\u00e9pare.<br><br><strong>C\u2019est l\u2019\u00e9quilibre que nous recherchons :<\/strong><\/p>\n\n\n\n<ul class=\"wp-block-list has-medium-font-size has-medium-font-size\">\n<li><strong>mettre en valeur et prot\u00e9ger notre patrimoine culturel et artistique<\/strong> (&nbsp;comme nos concerts de musique classique )<\/li>\n\n\n\n<li><strong>aller \u00e0 la rencontre de toutes les cultures<\/strong>&nbsp;: c\u2019est v\u00e9ritablement une id\u00e9e de tol\u00e9rance et<br>d\u2019ouverture qui prend son essor pour faire partager la passion de d\u00e9couvrir ces cultures&nbsp;: le partage des savoirs peut apporter intelligence du monde, cr\u00e9ativit\u00e9, humanit\u00e9 et tol\u00e9rance.<\/li>\n\n\n\n<li><strong>s\u2019inscrire dans toutes les dimensions de la soci\u00e9t\u00e9<\/strong>&nbsp;: comme nos actions vers les personnes en situation de handicap avec Les Papillons Blancs de Lille, celles pour les personnes \u00e9conomiquement d\u00e9favoris\u00e9es&nbsp;gr\u00e2ce \u00e0 la&nbsp;mise en place des Cabarets Solidaires avec le Secours Populaire de Roubaix.<\/li>\n\n\n\n<li><strong>montrer la cr\u00e9ation artistique comme l\u2019une des expressions de toutes les formes de conscience<\/strong> : une partie de nos projets associent dimension artistique et dimension spirituelle.<\/li>\n<\/ul>\n<\/div><\/div><\/div>\n\n\n\n<div class=\"wp-block-aab-accordion-item aagb__accordion_container panel\" tabindex=\"0\" style=\"border-top:none;border-right:none;border-bottom:none;border-left:none;border-radius:10px;margin-top:0px;margin-bottom:15px\"><div class=\"aagb__accordion_head aagb_left_icon  \" data-active=\"false\" style=\"background-color:#ffffff00;padding:25px 25px 25px 25px;border-top:none;border-right:none;border-bottom:none;border-left:none\"><div class=\"aagb__accordion_heading aagb_left_icon aagb_right_link\"><div class=\"head_content_wrapper\"><div class=\"title_wrapper\"><h4 class=\"aagb__accordion_title\" style=\"margin:0;color:#202442\">2- Sensibiliser par l\u2019\u00e9merveillement, motiver par l\u2019art et la culture<\/h4><\/div><p class=\"aagb__accordion_subheading\" placeholder=\"\" style=\"margin:5px 0 0 0\"><\/p><\/div><\/div><div class=\"aagb__accordion_icon\" style=\"background-color:#ffffff\"><div class=\"aagb__icon_dashicons_box\"><span class=\"aagb__icon dashicons dashicons-plus-alt2\"><\/span><\/div><\/div><\/div><div class=\"aagb__accordion_body   \" role=\"region\" style=\"border-top:0px none undefined;border-right:none;border-bottom:none;border-left:none;padding:25px 25px 25px 25px\"><div class=\"aagb__accordion_component \">\n<div style=\"height:25px\" aria-hidden=\"true\" class=\"wp-block-spacer\"><\/div>\n\n\n\n<p class=\"has-text-align-justify has-black-color has-text-color has-link-color has-medium-font-size wp-elements-bad753ff613ae26b07836d36a6452bd4\"><strong>SENSIBILISER PAR L\u2019EMERVEILLEMENT<\/strong><br><strong><br><\/strong><em><strong>\u00ab&nbsp;Quand intelligence et sensibilit\u00e9 sont en parfait \u00e9quilibre, on a le merveilleux acteur&nbsp;\u00bb<br><\/strong><\/em><strong><em>(Charlie Chaplin\/ Ma Vie)<\/em><br><\/strong><em><br><\/em>L\u2019\u0153uvre \u00ab&nbsp;merveilleuse&nbsp;\u00bb est celle qui ouvre les c\u0153urs et am\u00e8ne \u00e0 regarder le monde autrement.<br><br>Le merveilleux repose parfois sur \u00ab&nbsp;ce petit rien&nbsp;\u00bb qui va faire la diff\u00e9rence entre une musique et un son, ou amener cette \u00ab&nbsp;gr\u00e2ce&nbsp;\u00bb qui permet de diff\u00e9rentier une \u0153uvre d\u2019art d\u2019un objet.<br><br>L\u2019\u00e9merveillement est une cristallisation&nbsp;: l\u2019artiste va \u00e0 la rencontre du sensible et propose un imaginaire qui lui-m\u00eame peut en engendrer d\u2019autres.<\/p>\n\n\n\n<p class=\"has-text-align-justify has-medium-font-size has-text-align-justify\">En 2025 et 2026, cet \u00ab&nbsp;espace d\u2019\u00e9merveillement&nbsp;\u00bb est port\u00e9 notamment par la th\u00e9matique des \u00ab&nbsp;Mondes Enchanteurs&nbsp;\u00bb<\/p>\n\n\n\n<p class=\"has-medium-font-size\"><br><strong>SENSIBILISER TOUS LES PUBLICS,<\/strong><\/p>\n\n\n\n<ul class=\"wp-block-list has-medium-font-size has-medium-font-size\">\n<li>E\u0302tre a\u0300 l\u2019e\u0301coute de ce qui bouge et de ce qui e\u0301volue<\/li>\n\n\n\n<li>E\u0302tre parfois porteur de tendances, comme parfois promoteur et cre\u0301ateur de nouvelles perspectives<\/li>\n\n\n\n<li>De\u0301fendre l\u2019acce\u0300s et le ro\u0302le de l\u2019art comme l\u2019expression d\u2019une liberte\u0301 fondamentale<\/li>\n\n\n\n<li>Participer \u00e0 des lieux de vie qui favorisent la \u00ab&nbsp;confrontation&nbsp;\u00bb \u00e0 l\u2019art<\/li>\n\n\n\n<li>Associer des nouvelles formes d&rsquo;art<\/li>\n\n\n\n<li>Faire partager le plaisir de cre\u0301er des festivals et de construire des programmations<\/li>\n\n\n\n<li>Faire partager le plaisir de vivre la dynamique d&rsquo;un festival ou d&rsquo;un lieu<br><\/li>\n<\/ul>\n\n\n\n<p class=\"has-medium-font-size\"><strong>PERMETTRE LE RESSOURCEMENT DES JEUNES COMME DES MOINS JEUNES<\/strong><\/p>\n\n\n\n<ul class=\"wp-block-list has-medium-font-size has-medium-font-size\">\n<li>Aider dans l\u2019\u00e9volution et permettre le \u00ab ressourcement \u00bb<\/li>\n\n\n\n<li>Cr\u00e9er du lien avec des acteurs cre\u0301atifs<\/li>\n\n\n\n<li>Permettre \u00e0 tout un chacun de se \u00ab&nbsp;restabiliser&nbsp;\u00bb<\/li>\n\n\n\n<li>Donner l\u2019envie de \u00ab faire \u00bb et d\u2019entreprendre<\/li>\n\n\n\n<li>Permettre le de\u0301-cloisonnement des publics &#8211; leur permettre d\u2019e\u0301changer<br>avec diffe\u0301rentes communaute\u0301s de vie et de savoir faire<\/li>\n<\/ul>\n\n\n\n<p class=\"has-black-color has-text-color has-link-color has-medium-font-size wp-elements-6afe83dea6db69e0af0eaf706c442f2f\"><strong>FAIRE VIVRE DES \u00ab&nbsp;ESPRITS DE F\u00caTE&nbsp;\u00bb<\/strong><br><strong><br><\/strong>La f\u00eate est un \u00e9l\u00e9ment important qui anime toutes les traditions culturelles.<br>L\u2019esprit de f\u00eate, un fait essentiel de l\u2019identit\u00e9 culturelle, une partie de notre programmation est imbib\u00e9e de cet esprit, au sens de \u00ab&nbsp;donner de la joie&nbsp;\u00bb.<br><br>C\u2019est pour cela que nous d\u00e9clinons la f\u00eate sous de nombreuses formes comme :<\/p>\n\n\n\n<p class=\"has-medium-font-size\">dans les cabarets solidaires o\u00f9 on invite pour un repas de f\u00eate et un concert gratuit des personnes qui n\u2019ont jamais la possibilit\u00e9 de se rendre \u00e0 une manifestation culturelle tant pour des raisons \u00e9conomiques que par leurs habitudes de vie<\/p>\n\n\n\n<p class=\"has-medium-font-size\">dans les concerts du \u00ab&nbsp;Seven nights to blues festival&nbsp;\u00bb , o\u00f9 l\u2019id\u00e9e de f\u00eate va \u00eatre parfois associ\u00e9e \u00e0 la convivialit\u00e9 et \u00e0 la danse<\/p>\n\n\n\n<p class=\"has-medium-font-size\">dans le festival l\u2019Alouette badine, qui est port\u00e9 par un d\u00e9roul\u00e9 po\u00e9tique et festif<\/p>\n<\/div><\/div><\/div>\n\n\n\n<div class=\"wp-block-aab-accordion-item aagb__accordion_container panel\" tabindex=\"0\" style=\"border-top:none;border-right:none;border-bottom:none;border-left:none;border-radius:10px;margin-top:0px;margin-bottom:15px\"><div class=\"aagb__accordion_head aagb_left_icon  \" data-active=\"false\" style=\"background-color:#ffffff00;padding:25px 25px 25px 25px;border-top:none;border-right:none;border-bottom:none;border-left:none\"><div class=\"aagb__accordion_heading aagb_left_icon aagb_right_link\"><div class=\"head_content_wrapper\"><div class=\"title_wrapper\"><h4 class=\"aagb__accordion_title\" style=\"margin:0;color:#202442\">3- Montrer la place fondamentale de l\u2019artiste dans les communaut\u00e9s humaines<\/h4><\/div><p class=\"aagb__accordion_subheading\" placeholder=\"\" style=\"margin:5px 0 0 0\"><\/p><\/div><\/div><div class=\"aagb__accordion_icon\" style=\"background-color:#ffffff\"><div class=\"aagb__icon_dashicons_box\"><span class=\"aagb__icon dashicons dashicons-plus-alt2\"><\/span><\/div><\/div><\/div><div class=\"aagb__accordion_body   \" role=\"region\" style=\"border-top:0px none undefined;border-right:none;border-bottom:none;border-left:none;padding:25px 25px 25px 25px\"><div class=\"aagb__accordion_component \">\n<div style=\"height:25px\" aria-hidden=\"true\" class=\"wp-block-spacer\"><\/div>\n\n\n\n<p class=\"has-text-align-justify has-medium-font-size has-text-align-justify\">Avec d\u2019autres associations, nous avons \u00e9tablis et sign\u00e9s la charte HUMAN WORLD, cr\u00e9\u00e9e et port\u00e9e par l\u2019association Cultures Nouvelles (Approuv\u00e9 l\u2019Assembl\u00e9e G\u00e9n\u00e9rale de Cultures Nouvelles du 16 Novembre 2018) qui d\u00e9clare notamment&nbsp;:<br><br>\u00ab&nbsp;Nous souhaitons promouvoir des lieux r\u00e9guliers de rencontres, des terrains d\u2019aventure humaine et d\u2019\u00e9mancipation bas\u00e9s sur de r\u00e9els \u00e9changes \u00e0 partir de l\u2019expression de toutes les formes d\u2019art et de culture d\u2019artistes et de citoyens des cinq continents.<br>L\u2019artiste porte directement ou indirectement ces valeurs et permet \u00e0 tout citoyen du monde, et toute structure humaine, d\u2019y participer en pleine libert\u00e9 de conscience et d\u2019expression.<br><br>Respect de l\u2019identit\u00e9 et de la culture de chaque \u00eatre humain, recherche et promotion des patrimoines de l\u2019humanit\u00e9, mais aussi promotion de la mixit\u00e9 culturelle et des m\u00e9tissages,&nbsp;il s\u2019agit de promouvoir un monde ou l\u2019organisation des soci\u00e9t\u00e9s humaines n\u2019occulte pas l\u2019imaginaire, o\u00f9 les fronti\u00e8res ne s\u2019opposent pas au droit au voyage, et o\u00f9 les droits de l\u2019homme et de la femme, les plus fondamentaux, trouvent leur voie naturelle dans une \u00e9ducation ouverte \u00e0 toutes les cultures, respectant la diversit\u00e9 et l\u2019originalit\u00e9 de toutes les dimensions de l\u2019humanit\u00e9 comme de chaque civilisation.<br><br>Ce droit \u00e0 la diff\u00e9rence est une composante d\u2019un droit plus large \u00e0 l\u2019optimisme, au progr\u00e8s, \u00e0 la cr\u00e9ativit\u00e9, \u00e0 la diff\u00e9rence, et \u00e0 un refus de la normalisation syst\u00e9matique, qu\u2019elle soit ph\u00e9nom\u00e8ne de mode ou sociale, \u00e9conomique, artistique, historique, scientifique, ou culturelle, ou qu\u2019il s\u2019agisse tout simplement de la vision du futur de l\u2019humanit\u00e9<\/p>\n<\/div><\/div><\/div>\n\n\n\n<div class=\"wp-block-aab-accordion-item aagb__accordion_container panel\" tabindex=\"0\" style=\"border-top:none;border-right:none;border-bottom:none;border-left:none;border-radius:10px;margin-top:0px;margin-bottom:15px\"><div class=\"aagb__accordion_head aagb_left_icon  \" data-active=\"false\" style=\"background-color:#ffffff00;padding:25px 25px 25px 25px;border-top:none;border-right:none;border-bottom:none;border-left:none\"><div class=\"aagb__accordion_heading aagb_left_icon aagb_right_link\"><div class=\"head_content_wrapper\"><div class=\"title_wrapper\"><h4 class=\"aagb__accordion_title\" style=\"margin:0;color:#202442\">4- Une seule certitude\u00a0: l\u2019imp\u00e9rieuse n\u00e9cessit\u00e9 de s\u2019interroger sans cesse\u00a0:<\/h4><\/div><p class=\"aagb__accordion_subheading\" placeholder=\"\" style=\"margin:5px 0 0 0\"><\/p><\/div><\/div><div class=\"aagb__accordion_icon\" style=\"background-color:#ffffff\"><div class=\"aagb__icon_dashicons_box\"><span class=\"aagb__icon dashicons dashicons-plus-alt2\"><\/span><\/div><\/div><\/div><div class=\"aagb__accordion_body   \" role=\"region\" style=\"border-top:0px none undefined;border-right:none;border-bottom:none;border-left:none;padding:25px 25px 25px 25px\"><div class=\"aagb__accordion_component \">\n<div style=\"height:25px\" aria-hidden=\"true\" class=\"wp-block-spacer\"><\/div>\n\n\n\n<p class=\"has-text-align-justify has-medium-font-size has-text-align-justify\">Le contact avec l\u2019artiste permet aussi de faire bouger les lignes de certitude comme d\u2019incertitude L\u2019artiste, \u00e0 titre personnel, tout comme la communaut\u00e9 dans laquelle il vit, est \u00ab&nbsp;sans cesse en interrogation&nbsp;\u00bb.<br><br>Si il est d\u2019abord interpr\u00e8te ( exemple des interpr\u00e8tes de la musique classique) l\u2019interrogation peut se fairedans la recherche du \u00ab&nbsp;sublime&nbsp;\u00bb ou dans une recherche de diff\u00e9rence ou d\u2019originalit\u00e9\u2026<br><br>Si il est cr\u00e9ateur, et quelque soit ce qu\u2019il recherche (le beau et\/ou le sens et\/ou l\u2019\u00e9motion, etc\u2026), sa d\u00e9marche s\u2019inscrit souvent dans le \u00ab&nbsp;d\u00e9passement de soi&nbsp;\u00bb et donc forc\u00e9ment dans une remise en question des acquis.<br><br>Ainsi, tr\u00e8s souvent, l\u2019artiste devient l\u2019acteur d\u2019une \u00ab&nbsp;communaut\u00e9 culturelle&nbsp;\u00bb, qui elle-m\u00eame, sous sonimpulsion, directe ou indirecte, et parfois apr\u00e8s coup devient un vecteur d\u2019\u00e9volution.<br><br><strong>Cet \u00e9l\u00e9ment de \u00ab&nbsp;communaut\u00e9 culturelle&nbsp;\u00bb est au c\u0153ur de toutes les dimensions de la cr\u00e9ation de nos \u00e9v\u00e8nements culturels et de nos festivals&nbsp;: il est l\u2019\u00e9l\u00e9ment essentiel et naturel de la \u00abm\u00e9diation&nbsp;culturelle\u00bb.<br><br>En effet notre mission est v\u00e9ritablement de donner toutes les chances \u00e0 l\u2019artiste de rayonner culturellement dans diff\u00e9rents environnements.<\/strong><br><br>C\u2019est aussi dans le sens du rayonnement de la vie et des cultures qu\u2019avait \u00e9t\u00e9 choisi pour 2023 la th\u00e9matique \u00ab&nbsp;Embrassons le Monde&nbsp;\u00bb, qui se voulait aussi apporter la touche positive et d\u2019optimisme ch\u00e8re \u00e0 notre association.<br>L\u2019expression de cr\u00e9ateurs et ces communaut\u00e9s culturelles prend aussi beaucoup d\u2019importance \u00e0 travers et au sein du Conseil d\u2019Administration de l\u2019association et des personnalit\u00e9s ext\u00e9rieures qui y sont r\u00e9guli\u00e8rement invit\u00e9es.<br><br>Rappelons que le 22 Janvier 2024, apr\u00e8s une Assembl\u00e9e G\u00e9n\u00e9rale Extraordinaire modifiant nos statuts pour \u00e9largir le Conseil d\u2019Administration \u00e0 20 membres, celui-ci a accueilli de nouveaux artistes, montrant la vocation de notre association de rester aussi l\u2019expression d\u2019une communaut\u00e9 d\u2019artiste.<\/p>\n<\/div><\/div><\/div>\n<\/div>\n","protected":false},"excerpt":{"rendered":"<p>Nos valeurs&nbsp;: philosophie et action de l\u2019association Cultures Nouvelles<\/p>\n","protected":false},"author":1,"featured_media":0,"parent":0,"menu_order":0,"comment_status":"closed","ping_status":"closed","template":"","meta":{"_editorskit_title_hidden":false,"_editorskit_reading_time":1,"_editorskit_is_block_options_detached":false,"_editorskit_block_options_position":"{}","footnotes":""},"class_list":["post-3766","page","type-page","status-publish","hentry"],"_links":{"self":[{"href":"https:\/\/scenesennord.com\/dp78842-ovh\/index.php\/wp-json\/wp\/v2\/pages\/3766","targetHints":{"allow":["GET"]}}],"collection":[{"href":"https:\/\/scenesennord.com\/dp78842-ovh\/index.php\/wp-json\/wp\/v2\/pages"}],"about":[{"href":"https:\/\/scenesennord.com\/dp78842-ovh\/index.php\/wp-json\/wp\/v2\/types\/page"}],"author":[{"embeddable":true,"href":"https:\/\/scenesennord.com\/dp78842-ovh\/index.php\/wp-json\/wp\/v2\/users\/1"}],"replies":[{"embeddable":true,"href":"https:\/\/scenesennord.com\/dp78842-ovh\/index.php\/wp-json\/wp\/v2\/comments?post=3766"}],"version-history":[{"count":49,"href":"https:\/\/scenesennord.com\/dp78842-ovh\/index.php\/wp-json\/wp\/v2\/pages\/3766\/revisions"}],"predecessor-version":[{"id":5605,"href":"https:\/\/scenesennord.com\/dp78842-ovh\/index.php\/wp-json\/wp\/v2\/pages\/3766\/revisions\/5605"}],"wp:attachment":[{"href":"https:\/\/scenesennord.com\/dp78842-ovh\/index.php\/wp-json\/wp\/v2\/media?parent=3766"}],"curies":[{"name":"wp","href":"https:\/\/api.w.org\/{rel}","templated":true}]}}