{"id":4589,"date":"2023-10-09T21:03:14","date_gmt":"2023-10-09T19:03:14","guid":{"rendered":"https:\/\/scenesennord.com\/dp78842-ovh\/?post_type=event&#038;p=4589"},"modified":"2023-10-09T21:06:00","modified_gmt":"2023-10-09T19:06:00","slug":"poesie-de-vie-2","status":"publish","type":"event","link":"https:\/\/scenesennord.com\/dp78842-ovh\/index.php\/event\/poesie-de-vie-2\/","title":{"rendered":"POESIE DE VIE"},"content":{"rendered":"\n<p class=\"has-text-align-justify has-medium-font-size\"><em><em>Trio NUIT D&rsquo;ETE <\/em><\/em><\/p>\n\n\n\n<div class=\"wp-block-columns is-layout-flex wp-container-core-columns-is-layout-9d6595d7 wp-block-columns-is-layout-flex\">\n<div class=\"wp-block-column is-layout-flow wp-block-column-is-layout-flow\">\n<p><kbd><strong>Kristina Kuusito, bandon\u00e9on<\/strong><br><strong>Emannuelle Huteau, chant et clarinette basse<\/strong><\/kbd><kbd><br><strong>Camille Aubret, alto et violon<\/strong><\/kbd><\/p>\n<\/div>\n\n\n\n<div class=\"wp-block-column is-layout-flow wp-block-column-is-layout-flow\"><\/div>\n<\/div>\n\n\n\n<p class=\"has-medium-font-size\"><em>Comme de longs \u00e9chos qui de loin se confondent<\/em><br><em>dans une t\u00e9n\u00e9breuse et profonde unit\u00e9,<\/em><br><em>Vaste comme la nuit et comme la clart\u00e9,<\/em><br><em>Les parfums, les couleurs et les sons se r\u00e9pondent.<\/em><br><em>(Charles Baudelaire)<\/em><\/p>\n\n\n\n<p class=\"has-text-align-justify has-medium-font-size\">Trois musiciennes se retrouvent autour du son envoutant du bandon\u00e9on pour tisser un fil inattendu entre des r\u00e9pertoires \u00e9loign\u00e9s de plusieurs si\u00e8cles, et qui semblent, pourtant, se correspondre et s\u2019observer avec des regards familiers. Ainsi, la Nuit d\u2019\u00e9t\u00e9 s\u2019ouvre avec les variations Goldberg de Bach, emprunte une m\u00e9lodie enivrante \u00e0 Berlioz, un po\u00e8me de printemps \u00e0 Faur\u00e9, avant de poser les pieds en Argentine.<\/p>\n\n\n\n<p class=\"has-text-align-justify has-medium-font-size\">Le bandon\u00e9on se transforme \u00e0 l\u2019envie en clavecin, piano ou orchestre symphonique pour camper tout \u00e0 tour l\u2019ambiance du salon des Bach, du Paris romantique ou des caf\u00e9s de Buenos Aires. Kristina Kussisto est interpr\u00e8te et compositrice, elle joue autant du tango que des musiques romantiques et contemporaines. Emmanuelle Huteau chante et joue diff\u00e9rents instruments \u00e0 vent pour la danse et le th\u00e9\u00e2tre, et Camille Aubret, violoniste et altiste, s\u2019exprime dans la musique baroque et la celle du Moyen-Orient. Elles vivent toutes trois en Bretagne, dans le Tr\u00e9gor.<\/p>\n\n\n\n<hr class=\"wp-block-separator has-alpha-channel-opacity\"\/>\n\n\n\n<h2 class=\"wp-block-heading has-text-align-center\"><strong>AU PROGRAMME<\/strong><\/h2>\n\n\n\n<div style=\"height:47px\" aria-hidden=\"true\" class=\"wp-block-spacer\"><\/div>\n\n\n\n<div class=\"wp-block-columns is-layout-flex wp-container-core-columns-is-layout-9d6595d7 wp-block-columns-is-layout-flex\">\n<div class=\"wp-block-column is-layout-flow wp-block-column-is-layout-flow\">\n<p>Variations Goldberg,<\/p>\n\n\n\n<p>Aria et 2 premi\u00e8res variations &#8211; Joann Sebastian Bach<\/p>\n\n\n\n<p>(Allemagne, 1685-1750)<\/p>\n\n\n\n<p>Choral &#8211; Robert Schumann (1810-1856)<\/p>\n\n\n\n<p>Pr\u00e9lude et fugue en r\u00e9 mineur &#8211; Clara Schumann (1819-1896)<\/p>\n\n\n\n<p>Walzer &#8211; Fanny Mendelssohn (1805-1847)<\/p>\n\n\n\n<p>Villanelle des Nuits d\u2019\u00e9t\u00e9 &#8211; Hector Berlioz (France, 1803-1869)<\/p>\n\n\n\n<p>La papillon et la fleur &#8211; Gabriel Faur\u00e9 (1845-1924)<\/p>\n\n\n\n<p>Tristesse &#8211; Gabriel Faur\u00e9 (France, 1845-1924)<\/p>\n\n\n\n<p>A Chloris &#8211; Renaldo Hahn, (1874-1947)<\/p>\n\n\n\n<p>Cs\u00e1rd\u00e1s &#8211; Vittorio Monti (Italie, 1868-1922)<\/p>\n<\/div>\n\n\n\n<div class=\"wp-block-column is-layout-flow wp-block-column-is-layout-flow\">\n<p>Allez soupirs &#8211; Claudin de Sermisy (v.1490-1562)<\/p>\n\n\n\n<p>The Sally gardens &#8211; traditionnel irlandais<\/p>\n\n\n\n<p>Rights of a man &#8211; traditionnel irlandais<\/p>\n\n\n\n<p>Silent O Moyle &#8211; traditionnel irlandais \/ Thomas Moore<\/p>\n\n\n\n<p>(Irlande, 1779-1852) &nbsp;&nbsp;&nbsp;&nbsp;&nbsp;&nbsp;&nbsp;&nbsp;<\/p>\n\n\n\n<p>I wonder as I wander &#8211; traditionnel des Appalaches<\/p>\n\n\n\n<p>Etude n\u00b02 &#8211; Jean Sibelius (1865-1957)<\/p>\n\n\n\n<p>El Choclo &#8211; tango traditionnel<\/p>\n\n\n\n<p>Ave Maria &#8211; traditionnel argentin<\/p>\n\n\n\n<p>Tango ar\u2019 rinkin &#8211; traditionnel argentin<\/p>\n\n\n\n<p><\/p>\n<\/div>\n<\/div>\n\n\n\n<p><\/p>\n\n\n\n<p><\/p>\n\n\n\n<p class=\"has-text-align-center\"><span style=\"background-color:#ff6900\" class=\"has-inline-background\"><em><strong>Ce concert est gratuit pour les moins de 18 ans, pour les \u00e9tudiants et pour les demandeurs d\u2019emploi.<br>(Sous r\u00e9serve de places disponibles : pour obtenir une place gratuite merci si possible de r\u00e9server aussi votre place avec le QR code ou sur le site internet).<\/strong><\/em><\/span><br><strong>UN JUSTIFICATIF POURRA \u00caTRE DEMANDE A L&rsquo;ENTREE DE LA SALLE<\/strong><\/p>\n\n\n\n<hr class=\"wp-block-separator has-alpha-channel-opacity\"\/>\n\n\n\n<div class=\"wp-block-cover is-style-editorskit-rounded\" style=\"min-height:134px;aspect-ratio:unset;\"><span aria-hidden=\"true\" class=\"wp-block-cover__background has-background-dim-100 has-background-dim\" style=\"background-color:#009485\"><\/span><div class=\"wp-block-cover__inner-container is-layout-flow wp-block-cover-is-layout-flow\">\n<p class=\"has-text-align-center has-white-color has-text-color has-large-font-size\">BILLETTERIE<\/p>\n<\/div><\/div>\n\n\n\n<iframe id=\"haWidget\" allowtransparency=\"true\" scrolling=\"auto\" src=\"https:\/\/www.helloasso.com\/associations\/cultures-nouvelles\/evenements\/dim-3-dec-2023-16-h-30-poesies-de-vie-trio-nuit-d-ete-erquinghem-lys\/widget\" style=\"width: 100%; height: 750px; border: none;\"><\/iframe>\n\n\n\n<hr class=\"wp-block-separator has-alpha-channel-opacity is-style-wide\"\/>\n","protected":false},"excerpt":{"rendered":"<p>Trois musiciennes se retrouvent autour du son envoutant du bandon\u00e9on pour tisser un fil inattendu entre des r\u00e9pertoires \u00e9loign\u00e9s de plusieurs si\u00e8cles, et qui semblent, pourtant, se correspondre et s\u2019observer avec des regards familiers<\/p>\n","protected":false},"author":1,"featured_media":4533,"comment_status":"open","ping_status":"closed","template":"","meta":{"_editorskit_title_hidden":false,"_editorskit_reading_time":1,"_editorskit_is_block_options_detached":false,"_editorskit_block_options_position":"{}","footnotes":""},"eventcat":[142],"organizer":[149],"event_tags":[147,144,143,61,146,145],"location":[150],"class_list":["post-4589","event","type-event","status-publish","has-post-thumbnail","hentry","eventcat-concerts","organizer-association-cultures-nouvelles","event_tags-blues","event_tags-concert","event_tags-evenements","event_tags-events","event_tags-live","event_tags-musique","location-salle-agoralys-ercanscene"],"_links":{"self":[{"href":"https:\/\/scenesennord.com\/dp78842-ovh\/index.php\/wp-json\/wp\/v2\/event\/4589","targetHints":{"allow":["GET"]}}],"collection":[{"href":"https:\/\/scenesennord.com\/dp78842-ovh\/index.php\/wp-json\/wp\/v2\/event"}],"about":[{"href":"https:\/\/scenesennord.com\/dp78842-ovh\/index.php\/wp-json\/wp\/v2\/types\/event"}],"author":[{"embeddable":true,"href":"https:\/\/scenesennord.com\/dp78842-ovh\/index.php\/wp-json\/wp\/v2\/users\/1"}],"replies":[{"embeddable":true,"href":"https:\/\/scenesennord.com\/dp78842-ovh\/index.php\/wp-json\/wp\/v2\/comments?post=4589"}],"version-history":[{"count":3,"href":"https:\/\/scenesennord.com\/dp78842-ovh\/index.php\/wp-json\/wp\/v2\/event\/4589\/revisions"}],"predecessor-version":[{"id":4592,"href":"https:\/\/scenesennord.com\/dp78842-ovh\/index.php\/wp-json\/wp\/v2\/event\/4589\/revisions\/4592"}],"wp:featuredmedia":[{"embeddable":true,"href":"https:\/\/scenesennord.com\/dp78842-ovh\/index.php\/wp-json\/wp\/v2\/media\/4533"}],"wp:attachment":[{"href":"https:\/\/scenesennord.com\/dp78842-ovh\/index.php\/wp-json\/wp\/v2\/media?parent=4589"}],"wp:term":[{"taxonomy":"eventcat","embeddable":true,"href":"https:\/\/scenesennord.com\/dp78842-ovh\/index.php\/wp-json\/wp\/v2\/eventcat?post=4589"},{"taxonomy":"organizer","embeddable":true,"href":"https:\/\/scenesennord.com\/dp78842-ovh\/index.php\/wp-json\/wp\/v2\/organizer?post=4589"},{"taxonomy":"event_tags","embeddable":true,"href":"https:\/\/scenesennord.com\/dp78842-ovh\/index.php\/wp-json\/wp\/v2\/event_tags?post=4589"},{"taxonomy":"location","embeddable":true,"href":"https:\/\/scenesennord.com\/dp78842-ovh\/index.php\/wp-json\/wp\/v2\/location?post=4589"}],"curies":[{"name":"wp","href":"https:\/\/api.w.org\/{rel}","templated":true}]}}

<p class="has-text-align-justify has-medium-font-size"><em><em>Trio NUIT D&rsquo;ETE </em></em></p>



<div class="wp-block-columns is-layout-flex wp-container-core-columns-is-layout-9d6595d7 wp-block-columns-is-layout-flex">
<div class="wp-block-column is-layout-flow wp-block-column-is-layout-flow">
<p><kbd><strong>Kristina Kuusito, bandonéon</strong><br><strong>Emannuelle Huteau, chant et clarinette basse</strong></kbd><kbd><br><strong>Camille Aubret, alto et violon</strong></kbd></p>
</div>



<div class="wp-block-column is-layout-flow wp-block-column-is-layout-flow"></div>
</div>



<p class="has-medium-font-size"><em>Comme de longs échos qui de loin se confondent</em><br><em>dans une ténébreuse et profonde unité,</em><br><em>Vaste comme la nuit et comme la clarté,</em><br><em>Les parfums, les couleurs et les sons se répondent.</em><br><em>(Charles Baudelaire)</em></p>



<p class="has-text-align-justify has-medium-font-size">Trois musiciennes se retrouvent autour du son envoutant du bandonéon pour tisser un fil inattendu entre des répertoires éloignés de plusieurs siècles, et qui semblent, pourtant, se correspondre et s’observer avec des regards familiers. Ainsi, la Nuit d’été s’ouvre avec les variations Goldberg de Bach, emprunte une mélodie enivrante à Berlioz, un poème de printemps à Fauré, avant de poser les pieds en Argentine.</p>



<p class="has-text-align-justify has-medium-font-size">Le bandonéon se transforme à l’envie en clavecin, piano ou orchestre symphonique pour camper tout à tour l’ambiance du salon des Bach, du Paris romantique ou des cafés de Buenos Aires. Kristina Kussisto est interprète et compositrice, elle joue autant du tango que des musiques romantiques et contemporaines. Emmanuelle Huteau chante et joue différents instruments à vent pour la danse et le théâtre, et Camille Aubret, violoniste et altiste, s’exprime dans la musique baroque et la celle du Moyen-Orient. Elles vivent toutes trois en Bretagne, dans le Trégor.</p>



<hr class="wp-block-separator has-alpha-channel-opacity"/>



<h2 class="wp-block-heading has-text-align-center"><strong>AU PROGRAMME</strong></h2>



<div style="height:47px" aria-hidden="true" class="wp-block-spacer"></div>



<div class="wp-block-columns is-layout-flex wp-container-core-columns-is-layout-9d6595d7 wp-block-columns-is-layout-flex">
<div class="wp-block-column is-layout-flow wp-block-column-is-layout-flow">
<p>Variations Goldberg,</p>



<p>Aria et 2 premières variations &#8211; Joann Sebastian Bach</p>



<p>(Allemagne, 1685-1750)</p>



<p>Choral &#8211; Robert Schumann (1810-1856)</p>



<p>Prélude et fugue en ré mineur &#8211; Clara Schumann (1819-1896)</p>



<p>Walzer &#8211; Fanny Mendelssohn (1805-1847)</p>



<p>Villanelle des Nuits d’été &#8211; Hector Berlioz (France, 1803-1869)</p>



<p>La papillon et la fleur &#8211; Gabriel Fauré (1845-1924)</p>



<p>Tristesse &#8211; Gabriel Fauré (France, 1845-1924)</p>



<p>A Chloris &#8211; Renaldo Hahn, (1874-1947)</p>



<p>Csárdás &#8211; Vittorio Monti (Italie, 1868-1922)</p>
</div>



<div class="wp-block-column is-layout-flow wp-block-column-is-layout-flow">
<p>Allez soupirs &#8211; Claudin de Sermisy (v.1490-1562)</p>



<p>The Sally gardens &#8211; traditionnel irlandais</p>



<p>Rights of a man &#8211; traditionnel irlandais</p>



<p>Silent O Moyle &#8211; traditionnel irlandais / Thomas Moore</p>



<p>(Irlande, 1779-1852) &nbsp;&nbsp;&nbsp;&nbsp;&nbsp;&nbsp;&nbsp;&nbsp;</p>



<p>I wonder as I wander &#8211; traditionnel des Appalaches</p>



<p>Etude n°2 &#8211; Jean Sibelius (1865-1957)</p>



<p>El Choclo &#8211; tango traditionnel</p>



<p>Ave Maria &#8211; traditionnel argentin</p>



<p>Tango ar’ rinkin &#8211; traditionnel argentin</p>



<p></p>
</div>
</div>



<p></p>



<p></p>



<p class="has-text-align-center"><span style="background-color:#ff6900" class="has-inline-background"><em><strong>Ce concert est gratuit pour les moins de 18 ans, pour les étudiants et pour les demandeurs d’emploi.<br>(Sous réserve de places disponibles : pour obtenir une place gratuite merci si possible de réserver aussi votre place avec le QR code ou sur le site internet).</strong></em></span><br><strong>UN JUSTIFICATIF POURRA ÊTRE DEMANDE A L&rsquo;ENTREE DE LA SALLE</strong></p>



<hr class="wp-block-separator has-alpha-channel-opacity"/>



<div class="wp-block-cover is-style-editorskit-rounded" style="min-height:134px;aspect-ratio:unset;"><span aria-hidden="true" class="wp-block-cover__background has-background-dim-100 has-background-dim" style="background-color:#009485"></span><div class="wp-block-cover__inner-container is-layout-flow wp-block-cover-is-layout-flow">
<p class="has-text-align-center has-white-color has-text-color has-large-font-size">BILLETTERIE</p>
</div></div>



<iframe id="haWidget" allowtransparency="true" scrolling="auto" src="https://www.helloasso.com/associations/cultures-nouvelles/evenements/dim-3-dec-2023-16-h-30-poesies-de-vie-trio-nuit-d-ete-erquinghem-lys/widget" style="width: 100%; height: 750px; border: none;"></iframe>



<hr class="wp-block-separator has-alpha-channel-opacity is-style-wide"/>

<p>Trois musiciennes se retrouvent autour du son envoutant du bandonéon pour tisser un fil inattendu entre des répertoires éloignés de plusieurs siècles, et qui semblent, pourtant, se correspondre et s’observer avec des regards familiers</p>
