{"id":4496,"date":"2023-06-03T12:48:04","date_gmt":"2023-06-03T10:48:04","guid":{"rendered":"https:\/\/scenesennord.com\/dp78842-ovh\/?post_type=event&#038;p=4496"},"modified":"2023-06-03T12:57:39","modified_gmt":"2023-06-03T10:57:39","slug":"ismael-ledesma-le-trio-ysando","status":"publish","type":"event","link":"https:\/\/scenesennord.com\/dp78842-ovh\/index.php\/event\/ismael-ledesma-le-trio-ysando\/","title":{"rendered":"ISMAEL LEDESMA &#038; LE TRIO YSANDO"},"content":{"rendered":"\n<div class=\"wp-block-group\"><div class=\"wp-block-group__inner-container is-layout-constrained wp-block-group-is-layout-constrained\">\n<p class=\"has-text-align-justify has-medium-font-size\">Ysando est un groupe de trois musiciens paraguayens install\u00e9s en France&nbsp;et pr\u00e9sent un concert que l\u2019on peut qualifier de sublime.<\/p>\n\n\n\n<p class=\"has-text-align-justify has-medium-font-size\"><strong>Andrea Gonzalez<\/strong> (violon), <strong>Orlando Rojas<\/strong> (guitare) et <strong>IsmaelLedesma<\/strong> (harpe paraguayenne). Leur musique prend racine dans les rythmes paraguayens et latino-am\u00e9ricains. S\u2019y m\u00ealent des sonorit\u00e9s plus personnelles, propres \u00e0 chaque artiste.<\/p>\n\n\n\n<p class=\"has-text-align-justify has-medium-font-size\">Le plus jeune, Andrea Gonzalez, violoniste, est bient\u00f4t dipl\u00f4m\u00e9e d\u2019un doctorat en musique et alimente le trio gr\u00e2ce \u00e0 sa fraicheur et son haut niveau en musique classique.<\/p>\n\n\n\n<p class=\"has-text-align-justify has-medium-font-size\">Orlando Rojas, guitariste de musique populaire et musicien classique, donne corps aux sonorit\u00e9s gr\u00e2ce \u00e0 la ma\u00eetrise absolu de son art. Ismael Ledesma, harpiste de renomm\u00e9e internationale, timbre et colore l\u2019univers d\u2019Ysando en apportant \u00e0 cette musique une v\u00e9ritable dimension cosmique.<\/p>\n<\/div><\/div>\n\n\n\n<p class=\"has-medium-font-size\"><strong><span style=\"background-color:#ff6900\" class=\"has-inline-background\"><em><em>Sur <strong><em>ce spectacle\u00a0VENEZ EN FAMILLE\u00a0! <\/em><\/strong><\/em><\/em><\/span><\/strong><br><strong><span style=\"background-color:#ff6900\" class=\"has-inline-background\"><em><em><strong><em>Inscription obligatoire<\/em><\/strong><\/em><\/em><\/span><\/strong><\/p>\n\n\n\n<hr class=\"wp-block-separator has-alpha-channel-opacity\"\/>\n\n\n\n<div class=\"wp-block-cover is-style-editorskit-rounded\" style=\"min-height:134px;aspect-ratio:unset;\"><span aria-hidden=\"true\" class=\"wp-block-cover__background has-background-dim-100 has-background-dim\" style=\"background-color:#009485\"><\/span><div class=\"wp-block-cover__inner-container is-layout-flow wp-block-cover-is-layout-flow\">\n<p class=\"has-text-align-center has-white-color has-text-color has-large-font-size\">BILLETTERIE<\/p>\n<\/div><\/div>\n\n\n\n<iframe id=\"haWidget\" allowtransparency=\"true\" scrolling=\"auto\" src=\"https:\/\/www.helloasso.com\/associations\/cultures-nouvelles\/evenements\/dim-02-07-23-16-h-30-ismael-ledesma-et-trio-ysando-salle-des-fetes-wambechies\/widget\" style=\"width: 100%; height: 750px; border: none;\"><\/iframe>\n\n\n\n<hr class=\"wp-block-separator has-alpha-channel-opacity is-style-wide\"\/>\n","protected":false},"excerpt":{"rendered":"<p>Andrea Gonzalez (violon), Orlando Rojas (guitare) et IsmaelLedesma (harpe paraguayenne). Leur musique prend racine dans les rythmes paraguayens et latino-am\u00e9ricains. S\u2019y m\u00ealent des sonorit\u00e9s plus personnelles, propres \u00e0 chaque artiste.<\/p>\n","protected":false},"author":1,"featured_media":4493,"comment_status":"open","ping_status":"closed","template":"","meta":{"_editorskit_title_hidden":false,"_editorskit_reading_time":1,"_editorskit_is_block_options_detached":false,"_editorskit_block_options_position":"{}","footnotes":""},"eventcat":[142,209],"organizer":[149],"event_tags":[147,144,143,61,146,145],"location":[180],"class_list":["post-4496","event","type-event","status-publish","has-post-thumbnail","hentry","eventcat-concerts","eventcat-spectacle-musical","organizer-association-cultures-nouvelles","event_tags-blues","event_tags-concert","event_tags-evenements","event_tags-events","event_tags-live","event_tags-musique","location-salle-des-fetes-de-wambrechies"],"_links":{"self":[{"href":"https:\/\/scenesennord.com\/dp78842-ovh\/index.php\/wp-json\/wp\/v2\/event\/4496","targetHints":{"allow":["GET"]}}],"collection":[{"href":"https:\/\/scenesennord.com\/dp78842-ovh\/index.php\/wp-json\/wp\/v2\/event"}],"about":[{"href":"https:\/\/scenesennord.com\/dp78842-ovh\/index.php\/wp-json\/wp\/v2\/types\/event"}],"author":[{"embeddable":true,"href":"https:\/\/scenesennord.com\/dp78842-ovh\/index.php\/wp-json\/wp\/v2\/users\/1"}],"replies":[{"embeddable":true,"href":"https:\/\/scenesennord.com\/dp78842-ovh\/index.php\/wp-json\/wp\/v2\/comments?post=4496"}],"version-history":[{"count":3,"href":"https:\/\/scenesennord.com\/dp78842-ovh\/index.php\/wp-json\/wp\/v2\/event\/4496\/revisions"}],"predecessor-version":[{"id":4500,"href":"https:\/\/scenesennord.com\/dp78842-ovh\/index.php\/wp-json\/wp\/v2\/event\/4496\/revisions\/4500"}],"wp:featuredmedia":[{"embeddable":true,"href":"https:\/\/scenesennord.com\/dp78842-ovh\/index.php\/wp-json\/wp\/v2\/media\/4493"}],"wp:attachment":[{"href":"https:\/\/scenesennord.com\/dp78842-ovh\/index.php\/wp-json\/wp\/v2\/media?parent=4496"}],"wp:term":[{"taxonomy":"eventcat","embeddable":true,"href":"https:\/\/scenesennord.com\/dp78842-ovh\/index.php\/wp-json\/wp\/v2\/eventcat?post=4496"},{"taxonomy":"organizer","embeddable":true,"href":"https:\/\/scenesennord.com\/dp78842-ovh\/index.php\/wp-json\/wp\/v2\/organizer?post=4496"},{"taxonomy":"event_tags","embeddable":true,"href":"https:\/\/scenesennord.com\/dp78842-ovh\/index.php\/wp-json\/wp\/v2\/event_tags?post=4496"},{"taxonomy":"location","embeddable":true,"href":"https:\/\/scenesennord.com\/dp78842-ovh\/index.php\/wp-json\/wp\/v2\/location?post=4496"}],"curies":[{"name":"wp","href":"https:\/\/api.w.org\/{rel}","templated":true}]}}

<div class="wp-block-group"><div class="wp-block-group__inner-container is-layout-constrained wp-block-group-is-layout-constrained">
<p class="has-text-align-justify has-medium-font-size">Ysando est un groupe de trois musiciens paraguayens installés en France&nbsp;et présent un concert que l’on peut qualifier de sublime.</p>



<p class="has-text-align-justify has-medium-font-size"><strong>Andrea Gonzalez</strong> (violon), <strong>Orlando Rojas</strong> (guitare) et <strong>IsmaelLedesma</strong> (harpe paraguayenne). Leur musique prend racine dans les rythmes paraguayens et latino-américains. S’y mêlent des sonorités plus personnelles, propres à chaque artiste.</p>



<p class="has-text-align-justify has-medium-font-size">Le plus jeune, Andrea Gonzalez, violoniste, est bientôt diplômée d’un doctorat en musique et alimente le trio grâce à sa fraicheur et son haut niveau en musique classique.</p>



<p class="has-text-align-justify has-medium-font-size">Orlando Rojas, guitariste de musique populaire et musicien classique, donne corps aux sonorités grâce à la maîtrise absolu de son art. Ismael Ledesma, harpiste de renommée internationale, timbre et colore l’univers d’Ysando en apportant à cette musique une véritable dimension cosmique.</p>
</div></div>



<p class="has-medium-font-size"><strong><span style="background-color:#ff6900" class="has-inline-background"><em><em>Sur <strong><em>ce spectacle VENEZ EN FAMILLE ! </em></strong></em></em></span></strong><br><strong><span style="background-color:#ff6900" class="has-inline-background"><em><em><strong><em>Inscription obligatoire</em></strong></em></em></span></strong></p>



<hr class="wp-block-separator has-alpha-channel-opacity"/>



<div class="wp-block-cover is-style-editorskit-rounded" style="min-height:134px;aspect-ratio:unset;"><span aria-hidden="true" class="wp-block-cover__background has-background-dim-100 has-background-dim" style="background-color:#009485"></span><div class="wp-block-cover__inner-container is-layout-flow wp-block-cover-is-layout-flow">
<p class="has-text-align-center has-white-color has-text-color has-large-font-size">BILLETTERIE</p>
</div></div>



<iframe id="haWidget" allowtransparency="true" scrolling="auto" src="https://www.helloasso.com/associations/cultures-nouvelles/evenements/dim-02-07-23-16-h-30-ismael-ledesma-et-trio-ysando-salle-des-fetes-wambechies/widget" style="width: 100%; height: 750px; border: none;"></iframe>



<hr class="wp-block-separator has-alpha-channel-opacity is-style-wide"/>

<p>Andrea Gonzalez (violon), Orlando Rojas (guitare) et IsmaelLedesma (harpe paraguayenne). Leur musique prend racine dans les rythmes paraguayens et latino-américains. S’y mêlent des sonorités plus personnelles, propres à chaque artiste.</p>
